actors of q?
2, 3, 23
Suppose -4*x - o + 26 - 391 = 0, 0 = -2*x + o - 187. Let g = x + 281. What are the prime factors of g?
3, 7
Suppose z - i + 3889 = 10990, 2*i = z - 7094. List the prime factors of z.
2, 1777
Suppose -3*u = 5*d - 12 - 50, 3*u = -3*d + 54. Let b = 36 + -16. Suppose b*a - u*a = 414. What are the prime factors of a?
3, 23
Let g = 0 + -5. Let o = g - 0. List the prime factors of 546/10 + o/((-125)/(-15)).
2, 3
Suppose -p - 2 = -2*p. Suppose 0*x - 2*x + 5 = -g, 2*g = p*x. Suppose -g*q + 4*q = -115. What are the prime factors of q?
5, 23
Let u = -218 + 214. Let i(s) = 9*s**2 - 18*s - 6. What are the prime factors of i(u)?
2, 3, 5, 7
Suppose 0 = 1060*l - 1065*l + 3*x + 190521, x + 76210 = 2*l. List the prime factors of l.
3, 12703
Let h = 988 - 212. What are the prime factors of h?
2, 97
Let b = -74 - -86. Let z be (-1325)/(-3) + -5*b/90. Suppose 5*u - z - 109 = 0. List the prime factors of u.
2, 5, 11
Let u(d) = -4612*d**3 + 29*d**2 + 60*d + 7. What are the prime factors of u(-2)?
36899
Let v be 2*(0 + (1 - 0)). Suppose -3*p - 5*y + 4*y = -749, -v*p = 3*y - 504. Suppose 3*c - p + 90 = 0. List the prime factors of c.
53
Let t be 10744/340*15/6. Let d(y) = -15*y**2 + 1. Let l be d(2). Let h = l + t. What are the prime factors of h?
2, 5
Let v(l) = 6*l + 65. Let p = -169 - -164. What are the prime factors of v(p)?
5, 7
Suppose -7582 = -46*a + 12*a. Let v = 402 - a. List the prime factors of v.
179
Let a(c) be the third derivative of c**5/30 - 2*c**4/3 + 6*c**3 + 6*c**2. Let q be a(18). Suppose -81*n + q = -77*n. List the prime factors of n.
3, 11
Suppose 0*s - 30 = 5*s - 2*z, 0 = -s + 4*z - 6. Let x = -142 - -121. What are the prime factors of s/x + (696/14 - 3)?
47
Let o = 15986 - 7967. What are the prime factors of o?
3, 11
Let n be ((-75)/(-175))/(1/7). Suppose 0 = -d + n*h + 329 + 245, -5*d = -4*h - 2881. What are the prime factors of d?
577
Let h = 4564 + 5146. What are the prime factors of h?
2, 5, 971
Let b(k) = k**3 + 4*k**2. Let o be b(-4). Let t be ((-78)/(-52))/(0 - (-6)/52). Suppose -t*a + 14*a - 65 = o. List the prime factors of a.
5, 13
Let h be 595 - (0 - (9 + -16)). Let s = h + -485. List the prime factors of s.
103
Let f(p) = 8*p**2 - 2*p + 10. Let s be f(6). Suppose -3*i = -i - s. List the prime factors of i.
11, 13
Suppose -141*t - 2021438 + 17197858 = 289*t. What are the prime factors of t?
2, 7, 2521
Let n(z) = 5*z + 14. Let q be n(-6). Let i = -18 - q. What are the prime factors of -4*i/(-4) - -6?
2
Suppose 12 = -3*r, -3*o + r + 92336 + 33374 = 0. List the prime factors of o.
2, 7, 41, 73
Let v(a) = -2*a**2 - 22*a + 6. Let n be v(-11). Suppose -n*x + 20047 = 7441. Suppose 15*q - 4*q - x = 0. List the prime factors of q.
191
Suppose 1675 = 11*i - 2153. List the prime factors of i.
2, 3, 29
Suppose 0 = -78*y + 70*y + 720. List the prime factors of -1 + (-9)/(-5) - (-19098)/y.
3, 71
Suppose 1538675 = -52959*l + 52984*l. What are the prime factors of l?
61547
Suppose -70*m + 387*m - 9155274 + 3548178 = 0. List the prime factors of m.
2, 3, 11, 67
Let a(v) = 196*v - 77. Let m be 3*((-20)/4 + 7). List the prime factors of a(m).
7, 157
Let p(v) = 84*v**2 + 57*v - 12. What are the prime factors of p(3)?
3, 5, 61
Suppose -2 = 2*t + 6, 5*y - 3*t + 293 = 0. Let f = y + 61. List the prime factors of 32 + f*(-3)/6.
2
Suppose -24 = -2*p + 2*c, p + 2*c - 4 = -1. Suppose 41 = 10*a - p*a. Suppose 0 = 5*q + 4*l - 27 - 31, a = 4*q + 5*l. What are the prime factors of q?
2, 7
Suppose 0 = -2*l + 4, -12 = 2*q - 5*l. Let t be -9*(2/(-3) - q). What are the prime factors of (4 + 8)/(t + (-297)/(-96))?
2
Suppose 3*g + 9633 = 5*c + 34903, -2*c = 4. List the prime factors of g.
2, 5, 421
Suppose -4608 = -3*t - 4*c, 0 = -0*t - t + c + 1536. Suppose -3*z = z - t. Suppose z = 5*d + 2*u, -d - 3*d + 2*u = -300. What are the prime factors of d?
2, 19
Let u = -85 - -87. Suppose 2*l + u = 6. Suppose l*o = -5*o + 196. What are the prime factors of o?
2, 7
Suppose i + 4*d - 16476 - 6199 = 0, 0 = 4*d - 8. List the prime factors of i.
19, 1193
Let b = -385 - -70. Let q = b + 482. List the prime factors of q.
167
Suppose -15*f - 18 = -78. Suppose -2*v + 4*s = 8*s - 644, s + 1270 = f*v. List the prime factors of v.
2, 3, 53
List the prime factors of (-1 + 1 - -17605)*(-74)/(-185).
2, 7, 503
What are the prime factors of -303*((-190)/24 - (-26)/104)?
23, 101
Suppose 0 = -2*v - 5*w + 17, v + v + 3*w - 11 = 0. Let n(m) = 17*m**2 - m + 1. Let a be n(v). What are the prime factors of 1160/34 + (-2)/a?
2, 17
Let i be ((-50)/15)/(2/(-6)). Let u(n) = 21*n**2 - i + 10. List the prime factors of u(2).
2, 3, 7
Suppose -5*s - 36 = -56. Suppose f = s*x - 9*x + 257, -3*f = 5*x - 781. What are the prime factors of (-5)/((-10)/f) + -2?
3, 43
Suppose 2*r + 24*q - 20*q = 1706, -r - 4*q = -849. Let z = r - 658. What are the prime factors of z?
199
Suppose 4*y + 1481 = h - 2808, 21277 = 5*h + y. List the prime factors of h.
3, 11, 43
Suppose -4*v + 3*q + 6566 = 0, -11*q = v - 17*q - 1610. List the prime factors of v.
2, 823
Let h(t) = 794*t**2 + 20*t + 171. List the prime factors of h(6).
3, 5, 7, 11
Suppose -k - 3*q + 4 = -7, 0 = 4*k - q - 18. Suppose 3*s + 149*n = 151*n + 495, -k*n + 311 = 2*s. What are the prime factors of s?
163
Suppose 26641 + 89299 = 17*p. What are the prime factors of p?
2, 5, 11, 31
Let g(t) be the third derivative of 2*t**4/3 - 20*t**3/3 + t**2 + 13. What are the prime factors of g(17)?
2, 29
Suppose -3*m + 15599 = 4*q - 8450, -3 = -3*q. List the prime factors of m.
5, 7, 229
List the prime factors of ((-730)/(-250) - 5*(-6)/375) + 1241.
2, 311
Let v = -394 + 401. What are the prime factors of 18*(-70)/v*2/(-8)?
3, 5
Let m = -21 + 26. Let o(l) = 11*l - 1. Let b be o(m). Let a = b + -24. What are the prime factors of a?
2, 3, 5
Suppose 330 = 156*f - 179 - 115. List the prime factors of f.
2
Let k be (63/(-1))/((-6)/(-7 + 13)). Suppose -k*h = -29*h - 47974. List the prime factors of h.
17, 83
What are the prime factors of (-5778 - -5783)*(34/(-4))/(1/(-626))?
5, 17, 313
Let h = 144 + -83. Let p = h - -485. What are the prime factors of p?
2, 3, 7, 13
Suppose 2*u - c = 7608 + 39503, -2*u - 6*c + 47062 = 0. What are the prime factors of u?
2, 23
Let s(b) = 65*b - 10. Let v(f) = 22*f - 3. Let r(p) = 4*s(p) - 11*v(p). Let m be r(1). Let q(x) = 11*x + 61. List the prime factors of q(m).
2, 7, 13
Suppose -7*w + 6300 = -9*w. List the prime factors of 2/((-12612)/w + -4).
3, 5, 7
Suppose -2*g - 15*x - 8 = -11*x, -3*g - x = 2. Suppose -91*a + 96*a - 420 = g. What are the prime factors of a?
2, 3, 7
Let s be (-8259)/(-5) - (-5)/25. Suppose -13*a + 5552 = s. Suppose -4*i - u + 610 = 0, 0 = 3*i - 5*i - 3*u + a. List the prime factors of i.
3, 17
Suppose 0 = r + 7 - 62. Let s = r - 51. Suppose -s*c + 278 = -2*n, 215 = 4*c - c + 5*n. List the prime factors of c.
2, 5, 7
Suppose -731 = -3*y + 304. Let n be y/(-6) + (-2)/4. What are the prime factors of (n - -14)*2/(-8)?
11
Let i(d) = -d**2 + 44*d - 218. Let s be i(6). Suppose -14595 = -s*u + 4245. What are the prime factors of u?
2, 3, 157
Suppose -v = -2*k + 24, 0 = 2*k + 3*k + 2*v - 60. Suppose -588 = -k*x + 768. Let c = -65 + x. What are the prime factors of c?
2, 3
Suppose 2*x + 3*p - 34 - 5 = 0, -5*x + 129 = -3*p. Let u = 11623 + -11633. Let j = x - u. What are the prime factors of j?
2, 17
What are the prime factors of ((-11)/2)/((-3)/4182*1)?
11, 17, 41
What are the prime factors of ((-9)/((-135)/(-2150)) + 0)/((-24)/5652)?
5, 43, 157
Let g(f) = 5*f**3 - 515*f**2 + 57*f - 311. List the prime factors of g(103).
2, 5, 139
Suppose -28*w + 269044 = -1730464. List the prime factors of w.
71411
Suppose -39*o + 627328 = -12*o + 5*o. List the prime factors of o.
2, 13, 29
Let u(a) be the first derivative of a**2 + 115*a - 2. List the prime factors of u(26).
167
Let b be (-7)/(1366/228 + -6). Suppose y = 2*a + b, -2*a - 1579 - 1631 = -4*y. What are the prime factors of y?
2, 3, 67
Let a(l) = -l**2 - 12*l - 2. Let w be a(-12). What are the prime factors of (-5 - 325/(-15))/(w/(-72))?
2, 3, 5
Suppose 563 = -5*l + 588, 4*l = q + 17. Let a(p) = -12*p - 19 + 0 + 28*p. List the prime factors of a(q).
29
Let b(i) = 584*i**2 - 21*i + 4. Let c be b(7). What are the prime factors of 2 - ((-4)/22 + c/(-33))?
5, 173
Let 